{"id":652,"date":"2022-02-02T17:18:02","date_gmt":"2022-02-02T16:18:02","guid":{"rendered":"https:\/\/lucie-espert.com\/?page_id=652"},"modified":"2023-09-04T18:11:50","modified_gmt":"2023-09-04T17:11:50","slug":"atelier-conferences","status":"publish","type":"page","link":"https:\/\/lucie-espert.com\/index.php\/atelier-conferences\/","title":{"rendered":"Atelier &#038; conf\u00e9rences"},"content":{"rendered":"\n<p class=\"has-text-align-center has-medium-font-size\"><a href=\"https:\/\/dietetiquelucieespert.podia.com\/atelier-se-liberer-de-l-alimentation\" data-type=\"URL\" data-id=\"https:\/\/www.maxillodiet.com\/atelier-se-liberer-de-l-alimentation\" target=\"_blank\" rel=\"noreferrer noopener\">Atelier &#8211; Alimentation \u00e9motionnelle<\/a><\/p>\n\n\n<div class=\"wp-block-image\">\n<figure class=\"aligncenter size-full\"><a href=\"https:\/\/www.maxillodiet.com\/atelier-se-liberer-de-l-alimentation\"><img loading=\"lazy\" decoding=\"async\" width=\"310\" height=\"361\" src=\"http:\/\/lucie-espert.com\/wp-content\/uploads\/2022\/02\/561D35CB-0870-49A6-AA30-A2FDE7C5528B.jpeg\" alt=\"Lucie Espert - Di\u00e9t\u00e9ticienne nutritionniste - alimentation \u00e9motionnelle \" class=\"wp-image-653\" srcset=\"https:\/\/lucie-espert.com\/wp-content\/uploads\/2022\/02\/561D35CB-0870-49A6-AA30-A2FDE7C5528B.jpeg 310w, https:\/\/lucie-espert.com\/wp-content\/uploads\/2022\/02\/561D35CB-0870-49A6-AA30-A2FDE7C5528B-258x300.jpeg 258w\" sizes=\"auto, (max-width: 310px) 100vw, 310px\" \/><\/a><\/figure>\n<\/div>\n\n\n<div class=\"wp-block-buttons is-horizontal is-content-justification-center is-layout-flex wp-container-core-buttons-is-layout-499968f5 wp-block-buttons-is-layout-flex\">\n<div class=\"wp-block-button has-custom-width wp-block-button__width-50 is-style-fill\"><a class=\"wp-block-button__link wp-element-button\" href=\"https:\/\/dietetiquelucieespert.podia.com\/atelier-se-liberer-de-l-alimentation\">Plus d&rsquo;informations<\/a><\/div>\n<\/div>\n\n\n\n<p class=\"has-text-align-center has-medium-font-size\"><a href=\"https:\/\/dietetiquelucieespert.podia.com\/d274661f-d9cb-4dd1-8a3d-2d83584e1f52\" data-type=\"URL\" data-id=\"https:\/\/dietetiquelucieespert.podia.com\/d274661f-d9cb-4dd1-8a3d-2d83584e1f52\" target=\"_blank\" rel=\"noreferrer noopener\">Conf\u00e9rence &#8211; Rapport au corps et image de soi<\/a><\/p>\n\n\n<div class=\"wp-block-image\">\n<figure class=\"aligncenter size-large is-resized\"><a href=\"https:\/\/www.maxillodiet.com\/d274661f-d9cb-4dd1-8a3d-2d83584e1f52\"><img decoding=\"async\" src=\"http:\/\/lucie-espert.com\/wp-content\/uploads\/2023\/02\/Image-du-corps-rapport-au-coprs-bien-dans-sa-peau-conference-1024x576.jpg\" alt=\"Image du corps rapport au coprs bien dans sa peau conf\u00e9rence.jpg\" class=\"wp-image-685\" width=\"-152\" height=\"-85\" srcset=\"https:\/\/lucie-espert.com\/wp-content\/uploads\/2023\/02\/Image-du-corps-rapport-au-coprs-bien-dans-sa-peau-conference-1024x576.jpg 1024w, https:\/\/lucie-espert.com\/wp-content\/uploads\/2023\/02\/Image-du-corps-rapport-au-coprs-bien-dans-sa-peau-conference-300x169.jpg 300w, https:\/\/lucie-espert.com\/wp-content\/uploads\/2023\/02\/Image-du-corps-rapport-au-coprs-bien-dans-sa-peau-conference-768x432.jpg 768w, https:\/\/lucie-espert.com\/wp-content\/uploads\/2023\/02\/Image-du-corps-rapport-au-coprs-bien-dans-sa-peau-conference-1536x864.jpg 1536w, https:\/\/lucie-espert.com\/wp-content\/uploads\/2023\/02\/Image-du-corps-rapport-au-coprs-bien-dans-sa-peau-conference.jpg 1920w\" sizes=\"(max-width: 1024px) 100vw, 1024px\" \/><\/a><\/figure>\n<\/div>\n\n\n<div class=\"wp-block-buttons is-horizontal is-content-justification-center is-layout-flex wp-container-core-buttons-is-layout-499968f5 wp-block-buttons-is-layout-flex\">\n<div class=\"wp-block-button has-custom-width wp-block-button__width-50 is-style-fill\"><a class=\"wp-block-button__link wp-element-button\" href=\"https:\/\/dietetiquelucieespert.podia.com\/d274661f-d9cb-4dd1-8a3d-2d83584e1f52\">Plus d&rsquo;informations<\/a><\/div>\n<\/div>\n\n\n\n<p><\/p>\n","protected":false},"excerpt":{"rendered":"<p>Atelier &#8211; Alimentation \u00e9motionnelle Conf\u00e9rence &#8211; Rapport au corps et image de soi<\/p>\n","protected":false},"author":1,"featured_media":0,"parent":0,"menu_order":0,"comment_status":"closed","ping_status":"closed","template":"","meta":{"footnotes":""},"class_list":["post-652","page","type-page","status-publish","hentry"],"_links":{"self":[{"href":"https:\/\/lucie-espert.com\/index.php\/wp-json\/wp\/v2\/pages\/652","targetHints":{"allow":["GET"]}}],"collection":[{"href":"https:\/\/lucie-espert.com\/index.php\/wp-json\/wp\/v2\/pages"}],"about":[{"href":"https:\/\/lucie-espert.com\/index.php\/wp-json\/wp\/v2\/types\/page"}],"author":[{"embeddable":true,"href":"https:\/\/lucie-espert.com\/index.php\/wp-json\/wp\/v2\/users\/1"}],"replies":[{"embeddable":true,"href":"https:\/\/lucie-espert.com\/index.php\/wp-json\/wp\/v2\/comments?post=652"}],"version-history":[{"count":6,"href":"https:\/\/lucie-espert.com\/index.php\/wp-json\/wp\/v2\/pages\/652\/revisions"}],"predecessor-version":[{"id":696,"href":"https:\/\/lucie-espert.com\/index.php\/wp-json\/wp\/v2\/pages\/652\/revisions\/696"}],"wp:attachment":[{"href":"https:\/\/lucie-espert.com\/index.php\/wp-json\/wp\/v2\/media?parent=652"}],"curies":[{"name":"wp","href":"https:\/\/api.w.org\/{rel}","templated":true}]}}